 241
What are the prime factors of 41183?
41183
List the prime factors of 1068.
2, 3, 89
List the prime factors of 2567.
17, 151
What are the prime factors of 77?
7, 11
What are the prime factors of 28641?
3, 9547
List the prime factors of 12349.
53, 233
List the prime factors of 2784.
2, 3, 29
List the prime factors of 4096.
2
List the prime factors of 21199.
17, 29, 43
List the prime factors of 5341.
7, 109
List the prime factors of 20157.
3, 6719
What are the prime factors of 10813?
11, 983
What are the prime factors of 2936?
2, 367
List the prime factors of 44694.
2, 3, 13, 191
List the prime factors of 2214.
2, 3, 41
List the prime factors of 250.
2, 5
List the prime factors of 28369.
11, 2579
List the prime factors of 6822.
2, 3, 379
What are the prime factors of 10690?
2, 5, 1069
What are the prime factors of 3902?
2, 1951
What are the prime factors of 7984?
2, 499
What are the prime factors of 1481?
1481
What are the prime factors of 2993?
41, 73
What are the prime factors of 3854?
2, 41, 47
List the prime factors of 1394.
2, 17, 41
List the prime factors of 1462.
2, 17, 43
What are the prime factors of 1038?
2, 3, 173
List the prime factors of 1061.
1061
What are the prime factors of 25727?
13, 1979
What are the prime factors of 715?
5, 11, 13
What are the prime factors of 2423?
2423
List the prime factors of 11733.
3, 3911
List the prime factors of 6321.
3, 7, 43
What are the prime factors of 5552?
2, 347
List the prime factors of 4594.
2, 2297
List the prime factors of 8074.
2, 11, 367
List the prime factors of 2924.
2, 17, 43
List the prime factors of 6424.
2, 11, 73
List the prime factors of 33227.
149, 223
What are the prime factors of 5625?
3, 5
List the prime factors of 11403.
3, 7, 181
List the prime factors of 49614.
2, 3, 8269
List the prime factors of 12802.
2, 37, 173
What are the prime factors of 828?
2, 3, 23
What are the prime factors of 39796?
2, 9949
List the prime factors of 1179.
3, 131
List the prime factors of 24331.
29, 839
What are the prime factors of 19367?
107, 181
What are the prime factors of 10208?
2, 11, 29
What are the prime factors of 67512?
2, 3, 29, 97
List the prime factors of 11845.
5, 23, 103
What are the prime factors of 7282?
2, 11, 331
List the prime factors of 1105.
5, 13, 17
List the prime factors of 3926.
2, 13, 151
What are the prime factors of 38210?
2, 5, 3821
What are the prime factors of 71097?
3, 13, 1823
List the prime factors of 7260.
2, 3, 5, 11
List the prime factors of 5063.
61, 83
What are the prime factors of 4148?
2, 17, 61
List the prime factors of 853.
853
What are the prime factors of 26322?
2, 3, 41, 107
What are the prime factors of 15987?
3, 73
What are the prime factors of 5082?
2, 3, 7, 11
What are the prime factors of 500?
2, 5
What are the prime factors of 1063?
1063
What are the prime factors of 28949?
28949
List the prime factors of 38882.
2, 19441
What are the prime factors of 6215?
5, 11, 113
List the prime factors of 1104.
2, 3, 23
What are the prime factors of 9809?
17, 577
What are the prime factors of 30?
2, 3, 5
List the prime factors of 31652.
2, 41, 193
List the prime factors of 99915.
3, 5, 6661
What are the prime factors of 16552?
2, 2069
List the prime factors of 142.
2, 71
List the prime factors of 10187.
61, 167
List the prime factors of 1367.
1367
What are the prime factors of 211?
211
What are the prime factors of 9510?
2, 3, 5, 317
List the prime factors of 1585.
5, 317
List the prime factors of 118243.
23, 53, 97
List the prime factors of 173.
173
List the prime factors of 3213.
3, 7, 17
List the prime factors of 1579.
1579
List the prime factors of 5930.
2, 5, 593
What are the prime factors of 17881?
17881
What are the prime factors of 9713?
11, 883
What are the prime factors of 22942?
2, 11471
List the prime factors of 39604.
2, 9901
List the prime factors of 95280.
2, 3, 5, 397
What are the prime factors of 285?
3, 5, 19
What are the prime factors of 7761?
3, 13, 199
List the prime factors of 676.
2, 13
List the prime factors of 25503.
3, 8501
What are the prime factors of 10814?
2, 5407
What are the prime factors of 82639?
23, 3593
What are the prime factors of 28091?
7, 4013
List the prime factors of 1545.
3, 5, 103
What are the prime factors of 933?
3, 311
List the prime factors of 58126.
2, 29063
What are the prime factors of 7941?
3, 2647
List the prime factors of 3118.
2, 1559
What are the prime factors of 38449?
38449
What are the prime factors of 7050?
2, 3, 5, 47
What are the prime factors of 10551?
3, 3517
What are the prime factors of 5736?
2, 3, 239
What are the prime factors of 884?
2, 13, 17
What are the prime factors of 40314?
2, 3, 6719
List the prime factors of 46.
2, 23
What are the prime factors of 1746?
2, 3, 97
List the prime factors of 99919.
163, 613
What are the prime factors of 917?
7, 131
What are the prime factors of 1395?
3, 5, 31
List the prime factors of 454.
2, 227
List the prime factors of 79668.
2, 3, 2213
List the prime factors of 519.
3, 173
What are the prime factors of 6549?
3, 37, 59
What are the prime factors of 783?
3, 29
What are the prime factors of 8832?
2, 3, 23
What are the prime factors of 64669?
11, 5879
List the prime factors of 1403.
23, 61
What are the prime factors of 1364?
2, 11, 31
What are the prime factors of 209?
11, 19
What are the prime factors of 4348?
2, 1087
What are the prime factors of 9562?
2, 7, 683
List the prime factors of 1674.
2, 3, 31
List the prime factors of 62511.
3, 67, 311
List the prime factors of 58003.
11, 5273
List the prime factors of 621.
3, 23
What are the prime factors of 13029?
3, 43, 101
List the prime factors of 4013.
4013
List the prime factors of 2079.
3, 7, 11
What are the prime factors of 702?
2, 3, 13
List the prime factors of 6352.
2, 397
What are the prime factors of 26892?
2, 3, 83
List the prime factors of 1983.
3, 661
List the prime factors of 24370.
2, 5, 2437
List the prime factors of 6405.
3, 5, 7, 61
List the prime factors of 1073.
29, 37
What are the prime factors of 5650?
2, 5, 113
What are the prime factors of 7813?
13, 601
What are the prime factors of 7761?
3, 13, 199
What are the prime factors of 2446?
2, 1223
What are the prime factors of 18045?
3, 5, 401
List the prime factors of 8539.
8539
What are the prime factors of 68059?
68059
List the prime factors of 2677.
2677
What are the prime factors of 892?
2, 223
List the prime factors of 13668.
2, 3, 17, 67
List the prime factors of 1879.
1879
List the prime factors of 1520.
2, 5, 19
What are the prime factors of 4448?
2, 139
What are the prime factors of 353?
353
What are the prime factors of 2156?
2, 7, 11
What are the prime factors of 1442?
2, 7, 103
List the prime factors of 547.
547
List the prime factors of 5748.
2, 3, 479
What are the prime factors of 316?
2, 79
List the prime factors of 11959.
11959
What are the prime factors of 9717?
3, 41, 79
What are the prime factors of 1602?
2, 3, 89
List the prime factors of 25498.
2, 11, 19, 61
What are the prime factors of 9151?
9151
List the prime factors of 46833.
3, 67, 233
What are the prime factors of 4815?
3, 5, 107
List the prime factors of 11142.
2, 3, 619
List the prime factors of 3340.
2, 5, 167
List the prime factors of 50832.
2, 3, 353
What are the prime factors of 3312?
2, 3, 23
List the prime factors of 45890.
2, 5, 13, 353
What are the prime factors of 3046?
2, 1523
What are the prime factors of 3071?
37, 83
List the prime factors of 3753.
3, 139
What are the prime factors of 30745?
5, 11, 13, 43
List the prime factors of 4432.
2, 277
List the prime factors of 175.
5, 7
List the prime factors of 577.
577
List the prime factors of 10891.
10891
List the prime factors of 36944.
2, 2309
What are the prime factors of 2647?
2647
What are the prime factors of 15656?
2, 19, 103
List the prime factors of 143398.
2, 71699
List the prime factors of 46942.
2, 7, 479
What are the prime factors of 75?
3, 5
What are the prime factors of 382?
2, 191
What are the prime factors of 2107?
7, 43
What are the prime factors of 2732?
2, 683
What are the prime factors of 5827?
5827
List the prime factors of 21042.
2, 3, 7, 167
What are the prime factors of 96?
2, 3
What are the prime factors of 1538?
2, 769
What are the prime factors of 1184?
2, 37